{"id":108,"date":"2021-10-12T13:57:11","date_gmt":"2021-10-12T11:57:11","guid":{"rendered":"https:\/\/www.franckdeloche.fr\/?page_id=108"},"modified":"2025-04-10T14:55:46","modified_gmt":"2025-04-10T12:55:46","slug":"mes-services-exploitation-forestiere-elagage-bois-de-chaffage","status":"publish","type":"page","link":"https:\/\/www.franckdeloche.fr\/index.php\/mes-services-exploitation-forestiere-elagage-bois-de-chaffage\/","title":{"rendered":"MES SERVICES"},"content":{"rendered":"\n<div class=\"wp-block-columns alignwide is-layout-flex wp-container-core-columns-layout-3 wp-block-columns-is-layout-flex\">\n<div class=\"wp-block-column is-layout-flow wp-block-column-is-layout-flow\" style=\"flex-basis:100%\">\n<div class=\"wp-block-columns is-layout-flex wp-container-core-columns-layout-2 wp-block-columns-is-layout-flex\">\n<div class=\"wp-block-column is-layout-flow wp-block-column-is-layout-flow\" style=\"flex-basis:100%\">\n<div class=\"wp-block-columns is-layout-flex wp-container-core-columns-layout-1 wp-block-columns-is-layout-flex\">\n<div class=\"wp-block-column is-vertically-aligned-center is-layout-flow wp-block-column-is-layout-flow\">\n<div class=\"wp-block-group is-layout-flow wp-block-group-is-layout-flow\"><div class=\"wp-block-group__inner-container\">\n<div class=\"wp-block-cover has-custom-content-position is-position-bottom-center is-light wp-duotone-000000-ffffff-1\"><span aria-hidden=\"true\" class=\"wp-block-cover__background has-nv-dark-bg-background-color has-background-dim-30 has-background-dim\"><\/span><img loading=\"lazy\" decoding=\"async\" width=\"1124\" height=\"1125\" class=\"wp-block-cover__image-background wp-image-349\" alt=\"\" src=\"https:\/\/www.franckdeloche.fr\/wp-content\/uploads\/2021\/10\/FRANCK-DELOCHE-FTF-EXPLOITATION-FORESTIERE-ONF-FORET-BUCHERON-GROISY-FILLIERE-ANNECY-HAUTE-SAVOIE-ARBRE-1-edited-1.jpg\" data-object-fit=\"cover\" srcset=\"https:\/\/www.franckdeloche.fr\/wp-content\/uploads\/2021\/10\/FRANCK-DELOCHE-FTF-EXPLOITATION-FORESTIERE-ONF-FORET-BUCHERON-GROISY-FILLIERE-ANNECY-HAUTE-SAVOIE-ARBRE-1-edited-1.jpg 1124w, https:\/\/www.franckdeloche.fr\/wp-content\/uploads\/2021\/10\/FRANCK-DELOCHE-FTF-EXPLOITATION-FORESTIERE-ONF-FORET-BUCHERON-GROISY-FILLIERE-ANNECY-HAUTE-SAVOIE-ARBRE-1-edited-1-300x300.jpg 300w, https:\/\/www.franckdeloche.fr\/wp-content\/uploads\/2021\/10\/FRANCK-DELOCHE-FTF-EXPLOITATION-FORESTIERE-ONF-FORET-BUCHERON-GROISY-FILLIERE-ANNECY-HAUTE-SAVOIE-ARBRE-1-edited-1-1024x1024.jpg 1024w, https:\/\/www.franckdeloche.fr\/wp-content\/uploads\/2021\/10\/FRANCK-DELOCHE-FTF-EXPLOITATION-FORESTIERE-ONF-FORET-BUCHERON-GROISY-FILLIERE-ANNECY-HAUTE-SAVOIE-ARBRE-1-edited-1-150x150.jpg 150w, https:\/\/www.franckdeloche.fr\/wp-content\/uploads\/2021\/10\/FRANCK-DELOCHE-FTF-EXPLOITATION-FORESTIERE-ONF-FORET-BUCHERON-GROISY-FILLIERE-ANNECY-HAUTE-SAVOIE-ARBRE-1-edited-1-768x769.jpg 768w\" sizes=\"(max-width: 1124px) 100vw, 1124px\" \/><div class=\"wp-block-cover__inner-container is-layout-flow wp-block-cover-is-layout-flow\">\n<h2 class=\"wp-block-heading has-text-align-center\"><a href=\"https:\/\/www.franckdeloche.fr\/index.php\/exploitation-forestiere\/\"><span class=\"has-inline-color has-nv-site-bg-color\">EXPLOITATION FORESTI\u00c8RE<\/span><\/a><\/h2>\n<\/div><\/div>\n<\/div><\/div>\n\n\n\n<p><\/p>\n\n\n\n<div class=\"wp-block-group is-layout-flow wp-block-group-is-layout-flow\"><div class=\"wp-block-group__inner-container\">\n<div class=\"wp-block-cover has-custom-content-position is-position-bottom-center is-light wp-duotone-000000-ffffff-2\"><span aria-hidden=\"true\" class=\"wp-block-cover__background has-nv-dark-bg-background-color has-background-dim\"><\/span><img loading=\"lazy\" decoding=\"async\" width=\"650\" height=\"974\" class=\"wp-block-cover__image-background wp-image-178\" alt=\"\" src=\"https:\/\/www.franckdeloche.fr\/wp-content\/uploads\/2021\/10\/FRANCK-DELOCHE-ELAGAGE-PARTICULIERS-PROFESSIONNEL-ONF-FORET-BUCHERON-GROISY-FILLIERE-ANNECY-HAUTE-SAVOIE-FILLIERE-3.jpg\" data-object-fit=\"cover\" srcset=\"https:\/\/www.franckdeloche.fr\/wp-content\/uploads\/2021\/10\/FRANCK-DELOCHE-ELAGAGE-PARTICULIERS-PROFESSIONNEL-ONF-FORET-BUCHERON-GROISY-FILLIERE-ANNECY-HAUTE-SAVOIE-FILLIERE-3.jpg 650w, https:\/\/www.franckdeloche.fr\/wp-content\/uploads\/2021\/10\/FRANCK-DELOCHE-ELAGAGE-PARTICULIERS-PROFESSIONNEL-ONF-FORET-BUCHERON-GROISY-FILLIERE-ANNECY-HAUTE-SAVOIE-FILLIERE-3-200x300.jpg 200w\" sizes=\"(max-width: 650px) 100vw, 650px\" \/><div class=\"wp-block-cover__inner-container is-layout-flow wp-block-cover-is-layout-flow\">\n<h2 class=\"wp-block-heading has-text-align-center\"><a href=\"https:\/\/www.franckdeloche.fr\/index.php\/elagage\/\"><span class=\"has-inline-color has-nv-site-bg-color\">\u00c9LAGAGE<\/span><\/a><\/h2>\n\n\n\n<p><\/p>\n<\/div><\/div>\n<\/div><\/div>\n\n\n\n<p><\/p>\n\n\n\n<p><\/p>\n<\/div>\n\n\n\n<div class=\"wp-block-column is-vertically-aligned-center is-layout-flow wp-block-column-is-layout-flow\">\n<div class=\"wp-block-group is-layout-flow wp-block-group-is-layout-flow\"><div class=\"wp-block-group__inner-container\">\n<div class=\"wp-block-cover has-custom-content-position is-position-bottom-center is-light wp-duotone-000000-ffffff-3\"><span aria-hidden=\"true\" class=\"wp-block-cover__background has-nv-dark-bg-background-color has-background-dim\"><\/span><img loading=\"lazy\" decoding=\"async\" width=\"1920\" height=\"1280\" class=\"wp-block-cover__image-background wp-image-352\" alt=\"\" src=\"https:\/\/www.franckdeloche.fr\/wp-content\/uploads\/2021\/10\/wood-3158428_1920-1.jpg\" data-object-fit=\"cover\" srcset=\"https:\/\/www.franckdeloche.fr\/wp-content\/uploads\/2021\/10\/wood-3158428_1920-1.jpg 1920w, https:\/\/www.franckdeloche.fr\/wp-content\/uploads\/2021\/10\/wood-3158428_1920-1-300x200.jpg 300w, https:\/\/www.franckdeloche.fr\/wp-content\/uploads\/2021\/10\/wood-3158428_1920-1-1024x683.jpg 1024w, https:\/\/www.franckdeloche.fr\/wp-content\/uploads\/2021\/10\/wood-3158428_1920-1-768x512.jpg 768w, https:\/\/www.franckdeloche.fr\/wp-content\/uploads\/2021\/10\/wood-3158428_1920-1-1536x1024.jpg 1536w, https:\/\/www.franckdeloche.fr\/wp-content\/uploads\/2021\/10\/wood-3158428_1920-1-930x620.jpg 930w\" sizes=\"(max-width: 1920px) 100vw, 1920px\" \/><div class=\"wp-block-cover__inner-container is-layout-flow wp-block-cover-is-layout-flow\">\n<h2 class=\"wp-block-heading has-text-align-center\"><a href=\"https:\/\/www.franckdeloche.fr\/index.php\/exploitation-forestiere\/\"><span class=\"has-inline-color has-nv-site-bg-color\">BOIS DE CHAUFFAGE<\/span><\/a><\/h2>\n<\/div><\/div>\n<\/div><\/div>\n\n\n\n<div data-wp-interactive=\"\" class=\"wp-block-file\"><object data-wp-bind--hidden=\"!selectors.core.file.hasPdfPreview\" hidden class=\"wp-block-file__embed\" data=\"https:\/\/www.franckdeloche.fr\/wp-content\/uploads\/2025\/04\/TARIFS-BOIS-DE-CHAUFFAGE-2025-2.pdf\" type=\"application\/pdf\" style=\"width:100%;height:600px\" aria-label=\"Contenu embarqu\u00e9 TARIFS-BOIS-DE-CHAUFFAGE-2025-2.\"><\/object><a id=\"wp-block-file--media-105b63b0-dfb0-424d-b492-f9d24d81d283\" href=\"https:\/\/www.franckdeloche.fr\/wp-content\/uploads\/2025\/04\/TARIFS-BOIS-DE-CHAUFFAGE-2025-2.pdf\">TARIFS-BOIS-DE-CHAUFFAGE-2025-2<\/a><a href=\"https:\/\/www.franckdeloche.fr\/wp-content\/uploads\/2025\/04\/TARIFS-BOIS-DE-CHAUFFAGE-2025-2.pdf\" class=\"wp-block-file__button wp-element-button\" download aria-describedby=\"wp-block-file--media-105b63b0-dfb0-424d-b492-f9d24d81d283\">T\u00e9l\u00e9charger<\/a><\/div>\n\n\n\n<div class=\"wp-block-group is-layout-flow wp-block-group-is-layout-flow\"><div class=\"wp-block-group__inner-container\">\n<p class=\"has-text-align-center has-medium-font-size\"><a href=\"https:\/\/forms.gle\/36uHyTPqkkzGLgGb6\" target=\"_blank\" rel=\"noreferrer noopener\">PR\u00c9COMMANDE DE BOIS<\/a> <\/p>\n<\/div><\/div>\n<\/div>\n<\/div>\n<\/div>\n<\/div>\n<\/div>\n<\/div>\n\n\n\n<p><\/p>\n","protected":false},"excerpt":{"rendered":"<p>PR\u00c9COMMANDE DE BOIS<\/p>\n","protected":false},"author":1,"featured_media":0,"parent":0,"menu_order":0,"comment_status":"closed","ping_status":"closed","template":"","meta":{"neve_meta_sidebar":"full-width","neve_meta_container":"default","neve_meta_enable_content_width":"on","neve_meta_content_width":90,"neve_meta_title_alignment":"center","neve_meta_author_avatar":"","neve_post_elements_order":"","neve_meta_disable_header":"","neve_meta_disable_footer":"","neve_meta_disable_title":"on","footnotes":""},"yoast_head":"<!-- This site is optimized with the Yoast SEO plugin v22.4 - https:\/\/yoast.com\/wordpress\/plugins\/seo\/ -->\n<title>MES SERVICES - Franck Deloche Filli\u00e8re Travaux Forestiers<\/title>\n<meta name=\"description\" content=\"Franck Deloche Filli\u00e8re Travaux Forestiers vous propose ses services d&#039;exploitation foresti\u00e8re, \u00e9lagage, bois de chauffage et d\u00e9neigement sur la Haute Savoie.\" \/>\n<meta name=\"robots\" content=\"index, follow, max-snippet:-1, max-image-preview:large, max-video-preview:-1\" \/>\n<link rel=\"canonical\" href=\"https:\/\/www.franckdeloche.fr\/index.php\/mes-services-exploitation-forestiere-elagage-bois-de-chaffage\/\" \/>\n<meta property=\"og:locale\" content=\"fr_FR\" \/>\n<meta property=\"og:type\" content=\"article\" \/>\n<meta property=\"og:title\" content=\"MES SERVICES - Franck Deloche Filli\u00e8re Travaux Forestiers\" \/>\n<meta property=\"og:description\" content=\"Franck Deloche Filli\u00e8re Travaux Forestiers vous propose ses services d&#039;exploitation foresti\u00e8re, \u00e9lagage, bois de chauffage et d\u00e9neigement sur la Haute Savoie.\" \/>\n<meta property=\"og:url\" content=\"https:\/\/www.franckdeloche.fr\/index.php\/mes-services-exploitation-forestiere-elagage-bois-de-chaffage\/\" \/>\n<meta property=\"article:modified_time\" content=\"2025-04-10T12:55:46+00:00\" \/>\n<meta property=\"og:image\" content=\"https:\/\/www.franckdeloche.fr\/wp-content\/uploads\/2021\/10\/FRANCK-DELOCHE-FTF-EXPLOITATION-FORESTIERE-ONF-FORET-BUCHERON-GROISY-FILLIERE-ANNECY-HAUTE-SAVOIE-ARBRE-1-edited-1.jpg\" \/>\n<meta name=\"twitter:card\" content=\"summary_large_image\" \/>\n<script type=\"application\/ld+json\" class=\"yoast-schema-graph\">{\"@context\":\"https:\/\/schema.org\",\"@graph\":[{\"@type\":\"WebPage\",\"@id\":\"https:\/\/www.franckdeloche.fr\/index.php\/mes-services-exploitation-forestiere-elagage-bois-de-chaffage\/\",\"url\":\"https:\/\/www.franckdeloche.fr\/index.php\/mes-services-exploitation-forestiere-elagage-bois-de-chaffage\/\",\"name\":\"MES SERVICES - Franck Deloche Filli\u00e8re Travaux Forestiers\",\"isPartOf\":{\"@id\":\"https:\/\/www.franckdeloche.fr\/#website\"},\"primaryImageOfPage\":{\"@id\":\"https:\/\/www.franckdeloche.fr\/index.php\/mes-services-exploitation-forestiere-elagage-bois-de-chaffage\/#primaryimage\"},\"image\":{\"@id\":\"https:\/\/www.franckdeloche.fr\/index.php\/mes-services-exploitation-forestiere-elagage-bois-de-chaffage\/#primaryimage\"},\"thumbnailUrl\":\"https:\/\/www.franckdeloche.fr\/wp-content\/uploads\/2021\/10\/FRANCK-DELOCHE-FTF-EXPLOITATION-FORESTIERE-ONF-FORET-BUCHERON-GROISY-FILLIERE-ANNECY-HAUTE-SAVOIE-ARBRE-1-edited-1.jpg\",\"datePublished\":\"2021-10-12T11:57:11+00:00\",\"dateModified\":\"2025-04-10T12:55:46+00:00\",\"description\":\"Franck Deloche Filli\u00e8re Travaux Forestiers vous propose ses services d'exploitation foresti\u00e8re, \u00e9lagage, bois de chauffage et d\u00e9neigement sur la Haute Savoie.\",\"breadcrumb\":{\"@id\":\"https:\/\/www.franckdeloche.fr\/index.php\/mes-services-exploitation-forestiere-elagage-bois-de-chaffage\/#breadcrumb\"},\"inLanguage\":\"fr-FR\",\"potentialAction\":[{\"@type\":\"ReadAction\",\"target\":[\"https:\/\/www.franckdeloche.fr\/index.php\/mes-services-exploitation-forestiere-elagage-bois-de-chaffage\/\"]}]},{\"@type\":\"ImageObject\",\"inLanguage\":\"fr-FR\",\"@id\":\"https:\/\/www.franckdeloche.fr\/index.php\/mes-services-exploitation-forestiere-elagage-bois-de-chaffage\/#primaryimage\",\"url\":\"https:\/\/www.franckdeloche.fr\/wp-content\/uploads\/2021\/10\/FRANCK-DELOCHE-FTF-EXPLOITATION-FORESTIERE-ONF-FORET-BUCHERON-GROISY-FILLIERE-ANNECY-HAUTE-SAVOIE-ARBRE-1-edited-1.jpg\",\"contentUrl\":\"https:\/\/www.franckdeloche.fr\/wp-content\/uploads\/2021\/10\/FRANCK-DELOCHE-FTF-EXPLOITATION-FORESTIERE-ONF-FORET-BUCHERON-GROISY-FILLIERE-ANNECY-HAUTE-SAVOIE-ARBRE-1-edited-1.jpg\",\"width\":1124,\"height\":1125,\"caption\":\"EXPLOITATION FORESTI\u00c8RE\"},{\"@type\":\"BreadcrumbList\",\"@id\":\"https:\/\/www.franckdeloche.fr\/index.php\/mes-services-exploitation-forestiere-elagage-bois-de-chaffage\/#breadcrumb\",\"itemListElement\":[{\"@type\":\"ListItem\",\"position\":1,\"name\":\"Accueil\",\"item\":\"https:\/\/www.franckdeloche.fr\/\"},{\"@type\":\"ListItem\",\"position\":2,\"name\":\"MES SERVICES\"}]},{\"@type\":\"WebSite\",\"@id\":\"https:\/\/www.franckdeloche.fr\/#website\",\"url\":\"https:\/\/www.franckdeloche.fr\/\",\"name\":\"\",\"description\":\"\",\"publisher\":{\"@id\":\"https:\/\/www.franckdeloche.fr\/#organization\"},\"potentialAction\":[{\"@type\":\"SearchAction\",\"target\":{\"@type\":\"EntryPoint\",\"urlTemplate\":\"https:\/\/www.franckdeloche.fr\/?s={search_term_string}\"},\"query-input\":\"required name=search_term_string\"}],\"inLanguage\":\"fr-FR\"},{\"@type\":\"Organization\",\"@id\":\"https:\/\/www.franckdeloche.fr\/#organization\",\"name\":\"FRANCK DELOCHE - FILLIERE TRAVAUX FORESTIERS\",\"url\":\"https:\/\/www.franckdeloche.fr\/\",\"logo\":{\"@type\":\"ImageObject\",\"inLanguage\":\"fr-FR\",\"@id\":\"https:\/\/www.franckdeloche.fr\/#\/schema\/logo\/image\/\",\"url\":\"https:\/\/www.franckdeloche.fr\/wp-content\/uploads\/2021\/10\/Logo-Franck-Deloche-FTF-2021-Sans-NUMERO.png\",\"contentUrl\":\"https:\/\/www.franckdeloche.fr\/wp-content\/uploads\/2021\/10\/Logo-Franck-Deloche-FTF-2021-Sans-NUMERO.png\",\"width\":1544,\"height\":995,\"caption\":\"FRANCK DELOCHE - FILLIERE TRAVAUX FORESTIERS\"},\"image\":{\"@id\":\"https:\/\/www.franckdeloche.fr\/#\/schema\/logo\/image\/\"}}]}<\/script>\n<!-- \/ Yoast SEO plugin. -->","yoast_head_json":{"title":"MES SERVICES - Franck Deloche Filli\u00e8re Travaux Forestiers","description":"Franck Deloche Filli\u00e8re Travaux Forestiers vous propose ses services d'exploitation foresti\u00e8re, \u00e9lagage, bois de chauffage et d\u00e9neigement sur la Haute Savoie.","robots":{"index":"index","follow":"follow","max-snippet":"max-snippet:-1","max-image-preview":"max-image-preview:large","max-video-preview":"max-video-preview:-1"},"canonical":"https:\/\/www.franckdeloche.fr\/index.php\/mes-services-exploitation-forestiere-elagage-bois-de-chaffage\/","og_locale":"fr_FR","og_type":"article","og_title":"MES SERVICES - Franck Deloche Filli\u00e8re Travaux Forestiers","og_description":"Franck Deloche Filli\u00e8re Travaux Forestiers vous propose ses services d'exploitation foresti\u00e8re, \u00e9lagage, bois de chauffage et d\u00e9neigement sur la Haute Savoie.","og_url":"https:\/\/www.franckdeloche.fr\/index.php\/mes-services-exploitation-forestiere-elagage-bois-de-chaffage\/","article_modified_time":"2025-04-10T12:55:46+00:00","og_image":[{"url":"https:\/\/www.franckdeloche.fr\/wp-content\/uploads\/2021\/10\/FRANCK-DELOCHE-FTF-EXPLOITATION-FORESTIERE-ONF-FORET-BUCHERON-GROISY-FILLIERE-ANNECY-HAUTE-SAVOIE-ARBRE-1-edited-1.jpg"}],"twitter_card":"summary_large_image","schema":{"@context":"https:\/\/schema.org","@graph":[{"@type":"WebPage","@id":"https:\/\/www.franckdeloche.fr\/index.php\/mes-services-exploitation-forestiere-elagage-bois-de-chaffage\/","url":"https:\/\/www.franckdeloche.fr\/index.php\/mes-services-exploitation-forestiere-elagage-bois-de-chaffage\/","name":"MES SERVICES - Franck Deloche Filli\u00e8re Travaux Forestiers","isPartOf":{"@id":"https:\/\/www.franckdeloche.fr\/#website"},"primaryImageOfPage":{"@id":"https:\/\/www.franckdeloche.fr\/index.php\/mes-services-exploitation-forestiere-elagage-bois-de-chaffage\/#primaryimage"},"image":{"@id":"https:\/\/www.franckdeloche.fr\/index.php\/mes-services-exploitation-forestiere-elagage-bois-de-chaffage\/#primaryimage"},"thumbnailUrl":"https:\/\/www.franckdeloche.fr\/wp-content\/uploads\/2021\/10\/FRANCK-DELOCHE-FTF-EXPLOITATION-FORESTIERE-ONF-FORET-BUCHERON-GROISY-FILLIERE-ANNECY-HAUTE-SAVOIE-ARBRE-1-edited-1.jpg","datePublished":"2021-10-12T11:57:11+00:00","dateModified":"2025-04-10T12:55:46+00:00","description":"Franck Deloche Filli\u00e8re Travaux Forestiers vous propose ses services d'exploitation foresti\u00e8re, \u00e9lagage, bois de chauffage et d\u00e9neigement sur la Haute Savoie.","breadcrumb":{"@id":"https:\/\/www.franckdeloche.fr\/index.php\/mes-services-exploitation-forestiere-elagage-bois-de-chaffage\/#breadcrumb"},"inLanguage":"fr-FR","potentialAction":[{"@type":"ReadAction","target":["https:\/\/www.franckdeloche.fr\/index.php\/mes-services-exploitation-forestiere-elagage-bois-de-chaffage\/"]}]},{"@type":"ImageObject","inLanguage":"fr-FR","@id":"https:\/\/www.franckdeloche.fr\/index.php\/mes-services-exploitation-forestiere-elagage-bois-de-chaffage\/#primaryimage","url":"https:\/\/www.franckdeloche.fr\/wp-content\/uploads\/2021\/10\/FRANCK-DELOCHE-FTF-EXPLOITATION-FORESTIERE-ONF-FORET-BUCHERON-GROISY-FILLIERE-ANNECY-HAUTE-SAVOIE-ARBRE-1-edited-1.jpg","contentUrl":"https:\/\/www.franckdeloche.fr\/wp-content\/uploads\/2021\/10\/FRANCK-DELOCHE-FTF-EXPLOITATION-FORESTIERE-ONF-FORET-BUCHERON-GROISY-FILLIERE-ANNECY-HAUTE-SAVOIE-ARBRE-1-edited-1.jpg","width":1124,"height":1125,"caption":"EXPLOITATION FORESTI\u00c8RE"},{"@type":"BreadcrumbList","@id":"https:\/\/www.franckdeloche.fr\/index.php\/mes-services-exploitation-forestiere-elagage-bois-de-chaffage\/#breadcrumb","itemListElement":[{"@type":"ListItem","position":1,"name":"Accueil","item":"https:\/\/www.franckdeloche.fr\/"},{"@type":"ListItem","position":2,"name":"MES SERVICES"}]},{"@type":"WebSite","@id":"https:\/\/www.franckdeloche.fr\/#website","url":"https:\/\/www.franckdeloche.fr\/","name":"","description":"","publisher":{"@id":"https:\/\/www.franckdeloche.fr\/#organization"},"potentialAction":[{"@type":"SearchAction","target":{"@type":"EntryPoint","urlTemplate":"https:\/\/www.franckdeloche.fr\/?s={search_term_string}"},"query-input":"required name=search_term_string"}],"inLanguage":"fr-FR"},{"@type":"Organization","@id":"https:\/\/www.franckdeloche.fr\/#organization","name":"FRANCK DELOCHE - FILLIERE TRAVAUX FORESTIERS","url":"https:\/\/www.franckdeloche.fr\/","logo":{"@type":"ImageObject","inLanguage":"fr-FR","@id":"https:\/\/www.franckdeloche.fr\/#\/schema\/logo\/image\/","url":"https:\/\/www.franckdeloche.fr\/wp-content\/uploads\/2021\/10\/Logo-Franck-Deloche-FTF-2021-Sans-NUMERO.png","contentUrl":"https:\/\/www.franckdeloche.fr\/wp-content\/uploads\/2021\/10\/Logo-Franck-Deloche-FTF-2021-Sans-NUMERO.png","width":1544,"height":995,"caption":"FRANCK DELOCHE - FILLIERE TRAVAUX FORESTIERS"},"image":{"@id":"https:\/\/www.franckdeloche.fr\/#\/schema\/logo\/image\/"}}]}},"_links":{"self":[{"href":"https:\/\/www.franckdeloche.fr\/index.php\/wp-json\/wp\/v2\/pages\/108"}],"collection":[{"href":"https:\/\/www.franckdeloche.fr\/index.php\/wp-json\/wp\/v2\/pages"}],"about":[{"href":"https:\/\/www.franckdeloche.fr\/index.php\/wp-json\/wp\/v2\/types\/page"}],"author":[{"embeddable":true,"href":"https:\/\/www.franckdeloche.fr\/index.php\/wp-json\/wp\/v2\/users\/1"}],"replies":[{"embeddable":true,"href":"https:\/\/www.franckdeloche.fr\/index.php\/wp-json\/wp\/v2\/comments?post=108"}],"version-history":[{"count":21,"href":"https:\/\/www.franckdeloche.fr\/index.php\/wp-json\/wp\/v2\/pages\/108\/revisions"}],"predecessor-version":[{"id":575,"href":"https:\/\/www.franckdeloche.fr\/index.php\/wp-json\/wp\/v2\/pages\/108\/revisions\/575"}],"wp:attachment":[{"href":"https:\/\/www.franckdeloche.fr\/index.php\/wp-json\/wp\/v2\/media?parent=108"}],"curies":[{"name":"wp","href":"https:\/\/api.w.org\/{rel}","templated":true}]}}