{"id":559,"date":"2025-04-10T14:39:07","date_gmt":"2025-04-10T12:39:07","guid":{"rendered":"https:\/\/www.franckdeloche.fr\/?page_id=559"},"modified":"2026-04-13T19:16:10","modified_gmt":"2026-04-13T17:16:10","slug":"precommande-de-bois-franck-deloche-filiere-travaux-forestier","status":"publish","type":"page","link":"https:\/\/www.franckdeloche.fr\/index.php\/precommande-de-bois-franck-deloche-filiere-travaux-forestier\/","title":{"rendered":"PR\u00c9COMMANDE DE BOIS"},"content":{"rendered":"\n<h2 class=\"wp-block-heading\">PR\u00c9COMMANDE DE BOIS<\/h2>\n\n\n\n<p>Pour faire une pr\u00e9commande de bois, vous pouvez consulter les tarifs ci-dessous et remplir le formulaire de r\u00e9servation en cliquant sur ce lien : <a href=\"https:\/\/forms.gle\/36uHyTPqkkzGLgGb6\" target=\"_blank\" rel=\"noreferrer noopener\">Pr\u00e9commande de bois.<\/a><\/p>\n\n\n\n<div data-wp-interactive=\"\" class=\"wp-block-file\"><object data-wp-bind--hidden=\"!selectors.core.file.hasPdfPreview\" hidden class=\"wp-block-file__embed\" data=\"https:\/\/www.franckdeloche.fr\/wp-content\/uploads\/2026\/04\/TARIFS-BOIS-DE-CHAUFFAGE-2026.pdf\" type=\"application\/pdf\" style=\"width:100%;height:600px\" aria-label=\"Contenu embarqu\u00e9 TARIFS BOIS DE CHAUFFAGE 2026.\"><\/object><a id=\"wp-block-file--media-6eed3cb4-26b5-471f-bd51-18d8d8921189\" href=\"https:\/\/www.franckdeloche.fr\/wp-content\/uploads\/2026\/04\/TARIFS-BOIS-DE-CHAUFFAGE-2026.pdf\">TARIFS BOIS DE CHAUFFAGE 2026<\/a><a href=\"https:\/\/www.franckdeloche.fr\/wp-content\/uploads\/2026\/04\/TARIFS-BOIS-DE-CHAUFFAGE-2026.pdf\" class=\"wp-block-file__button wp-element-button\" download aria-describedby=\"wp-block-file--media-6eed3cb4-26b5-471f-bd51-18d8d8921189\">T\u00e9l\u00e9charger<\/a><\/div>\n","protected":false},"excerpt":{"rendered":"<p>PR\u00c9COMMANDE DE BOIS Pour faire une pr\u00e9commande de bois, vous pouvez consulter les tarifs ci-dessous et remplir le formulaire de r\u00e9servation en cliquant sur ce lien : Pr\u00e9commande de bois.<\/p>\n","protected":false},"author":1,"featured_media":0,"parent":0,"menu_order":0,"comment_status":"closed","ping_status":"closed","template":"","meta":{"neve_meta_sidebar":"","neve_meta_container":"","neve_meta_enable_content_width":"","neve_meta_content_width":0,"neve_meta_title_alignment":"","neve_meta_author_avatar":"","neve_post_elements_order":"","neve_meta_disable_header":"","neve_meta_disable_footer":"","neve_meta_disable_title":"","footnotes":""},"yoast_head":"<!-- This site is optimized with the Yoast SEO plugin v22.4 - https:\/\/yoast.com\/wordpress\/plugins\/seo\/ -->\n<title>Pr\u00e9commande de bois - Franck Deloche Fili\u00e8re Travaux Forestier<\/title>\n<meta name=\"description\" content=\"Pr\u00e9commande de bois - Franck Deloche Fili\u00e8re Travaux Forestier, vous permet de faire une pr\u00e9commande directement en ligne depuis cette ann\u00e9e.\" \/>\n<meta name=\"robots\" content=\"index, follow, max-snippet:-1, max-image-preview:large, max-video-preview:-1\" \/>\n<link rel=\"canonical\" href=\"https:\/\/www.franckdeloche.fr\/index.php\/precommande-de-bois-franck-deloche-filiere-travaux-forestier\/\" \/>\n<meta property=\"og:locale\" content=\"fr_FR\" \/>\n<meta property=\"og:type\" content=\"article\" \/>\n<meta property=\"og:title\" content=\"Pr\u00e9commande de bois - Franck Deloche Fili\u00e8re Travaux Forestier\" \/>\n<meta property=\"og:description\" content=\"Pr\u00e9commande de bois - Franck Deloche Fili\u00e8re Travaux Forestier, vous permet de faire une pr\u00e9commande directement en ligne depuis cette ann\u00e9e.\" \/>\n<meta property=\"og:url\" content=\"https:\/\/www.franckdeloche.fr\/index.php\/precommande-de-bois-franck-deloche-filiere-travaux-forestier\/\" \/>\n<meta property=\"article:modified_time\" content=\"2026-04-13T17:16:10+00:00\" \/>\n<meta name=\"twitter:card\" content=\"summary_large_image\" \/>\n<script type=\"application\/ld+json\" class=\"yoast-schema-graph\">{\"@context\":\"https:\/\/schema.org\",\"@graph\":[{\"@type\":\"WebPage\",\"@id\":\"https:\/\/www.franckdeloche.fr\/index.php\/precommande-de-bois-franck-deloche-filiere-travaux-forestier\/\",\"url\":\"https:\/\/www.franckdeloche.fr\/index.php\/precommande-de-bois-franck-deloche-filiere-travaux-forestier\/\",\"name\":\"Pr\u00e9commande de bois - Franck Deloche Fili\u00e8re Travaux Forestier\",\"isPartOf\":{\"@id\":\"https:\/\/www.franckdeloche.fr\/#website\"},\"datePublished\":\"2025-04-10T12:39:07+00:00\",\"dateModified\":\"2026-04-13T17:16:10+00:00\",\"description\":\"Pr\u00e9commande de bois - Franck Deloche Fili\u00e8re Travaux Forestier, vous permet de faire une pr\u00e9commande directement en ligne depuis cette ann\u00e9e.\",\"breadcrumb\":{\"@id\":\"https:\/\/www.franckdeloche.fr\/index.php\/precommande-de-bois-franck-deloche-filiere-travaux-forestier\/#breadcrumb\"},\"inLanguage\":\"fr-FR\",\"potentialAction\":[{\"@type\":\"ReadAction\",\"target\":[\"https:\/\/www.franckdeloche.fr\/index.php\/precommande-de-bois-franck-deloche-filiere-travaux-forestier\/\"]}]},{\"@type\":\"BreadcrumbList\",\"@id\":\"https:\/\/www.franckdeloche.fr\/index.php\/precommande-de-bois-franck-deloche-filiere-travaux-forestier\/#breadcrumb\",\"itemListElement\":[{\"@type\":\"ListItem\",\"position\":1,\"name\":\"Accueil\",\"item\":\"https:\/\/www.franckdeloche.fr\/\"},{\"@type\":\"ListItem\",\"position\":2,\"name\":\"PR\u00c9COMMANDE DE BOIS\"}]},{\"@type\":\"WebSite\",\"@id\":\"https:\/\/www.franckdeloche.fr\/#website\",\"url\":\"https:\/\/www.franckdeloche.fr\/\",\"name\":\"\",\"description\":\"\",\"publisher\":{\"@id\":\"https:\/\/www.franckdeloche.fr\/#organization\"},\"potentialAction\":[{\"@type\":\"SearchAction\",\"target\":{\"@type\":\"EntryPoint\",\"urlTemplate\":\"https:\/\/www.franckdeloche.fr\/?s={search_term_string}\"},\"query-input\":\"required name=search_term_string\"}],\"inLanguage\":\"fr-FR\"},{\"@type\":\"Organization\",\"@id\":\"https:\/\/www.franckdeloche.fr\/#organization\",\"name\":\"FRANCK DELOCHE - FILLIERE TRAVAUX FORESTIERS\",\"url\":\"https:\/\/www.franckdeloche.fr\/\",\"logo\":{\"@type\":\"ImageObject\",\"inLanguage\":\"fr-FR\",\"@id\":\"https:\/\/www.franckdeloche.fr\/#\/schema\/logo\/image\/\",\"url\":\"https:\/\/www.franckdeloche.fr\/wp-content\/uploads\/2021\/10\/Logo-Franck-Deloche-FTF-2021-Sans-NUMERO.png\",\"contentUrl\":\"https:\/\/www.franckdeloche.fr\/wp-content\/uploads\/2021\/10\/Logo-Franck-Deloche-FTF-2021-Sans-NUMERO.png\",\"width\":1544,\"height\":995,\"caption\":\"FRANCK DELOCHE - FILLIERE TRAVAUX FORESTIERS\"},\"image\":{\"@id\":\"https:\/\/www.franckdeloche.fr\/#\/schema\/logo\/image\/\"}}]}<\/script>\n<!-- \/ Yoast SEO plugin. -->","yoast_head_json":{"title":"Pr\u00e9commande de bois - Franck Deloche Fili\u00e8re Travaux Forestier","description":"Pr\u00e9commande de bois - Franck Deloche Fili\u00e8re Travaux Forestier, vous permet de faire une pr\u00e9commande directement en ligne depuis cette ann\u00e9e.","robots":{"index":"index","follow":"follow","max-snippet":"max-snippet:-1","max-image-preview":"max-image-preview:large","max-video-preview":"max-video-preview:-1"},"canonical":"https:\/\/www.franckdeloche.fr\/index.php\/precommande-de-bois-franck-deloche-filiere-travaux-forestier\/","og_locale":"fr_FR","og_type":"article","og_title":"Pr\u00e9commande de bois - Franck Deloche Fili\u00e8re Travaux Forestier","og_description":"Pr\u00e9commande de bois - Franck Deloche Fili\u00e8re Travaux Forestier, vous permet de faire une pr\u00e9commande directement en ligne depuis cette ann\u00e9e.","og_url":"https:\/\/www.franckdeloche.fr\/index.php\/precommande-de-bois-franck-deloche-filiere-travaux-forestier\/","article_modified_time":"2026-04-13T17:16:10+00:00","twitter_card":"summary_large_image","schema":{"@context":"https:\/\/schema.org","@graph":[{"@type":"WebPage","@id":"https:\/\/www.franckdeloche.fr\/index.php\/precommande-de-bois-franck-deloche-filiere-travaux-forestier\/","url":"https:\/\/www.franckdeloche.fr\/index.php\/precommande-de-bois-franck-deloche-filiere-travaux-forestier\/","name":"Pr\u00e9commande de bois - Franck Deloche Fili\u00e8re Travaux Forestier","isPartOf":{"@id":"https:\/\/www.franckdeloche.fr\/#website"},"datePublished":"2025-04-10T12:39:07+00:00","dateModified":"2026-04-13T17:16:10+00:00","description":"Pr\u00e9commande de bois - Franck Deloche Fili\u00e8re Travaux Forestier, vous permet de faire une pr\u00e9commande directement en ligne depuis cette ann\u00e9e.","breadcrumb":{"@id":"https:\/\/www.franckdeloche.fr\/index.php\/precommande-de-bois-franck-deloche-filiere-travaux-forestier\/#breadcrumb"},"inLanguage":"fr-FR","potentialAction":[{"@type":"ReadAction","target":["https:\/\/www.franckdeloche.fr\/index.php\/precommande-de-bois-franck-deloche-filiere-travaux-forestier\/"]}]},{"@type":"BreadcrumbList","@id":"https:\/\/www.franckdeloche.fr\/index.php\/precommande-de-bois-franck-deloche-filiere-travaux-forestier\/#breadcrumb","itemListElement":[{"@type":"ListItem","position":1,"name":"Accueil","item":"https:\/\/www.franckdeloche.fr\/"},{"@type":"ListItem","position":2,"name":"PR\u00c9COMMANDE DE BOIS"}]},{"@type":"WebSite","@id":"https:\/\/www.franckdeloche.fr\/#website","url":"https:\/\/www.franckdeloche.fr\/","name":"","description":"","publisher":{"@id":"https:\/\/www.franckdeloche.fr\/#organization"},"potentialAction":[{"@type":"SearchAction","target":{"@type":"EntryPoint","urlTemplate":"https:\/\/www.franckdeloche.fr\/?s={search_term_string}"},"query-input":"required name=search_term_string"}],"inLanguage":"fr-FR"},{"@type":"Organization","@id":"https:\/\/www.franckdeloche.fr\/#organization","name":"FRANCK DELOCHE - FILLIERE TRAVAUX FORESTIERS","url":"https:\/\/www.franckdeloche.fr\/","logo":{"@type":"ImageObject","inLanguage":"fr-FR","@id":"https:\/\/www.franckdeloche.fr\/#\/schema\/logo\/image\/","url":"https:\/\/www.franckdeloche.fr\/wp-content\/uploads\/2021\/10\/Logo-Franck-Deloche-FTF-2021-Sans-NUMERO.png","contentUrl":"https:\/\/www.franckdeloche.fr\/wp-content\/uploads\/2021\/10\/Logo-Franck-Deloche-FTF-2021-Sans-NUMERO.png","width":1544,"height":995,"caption":"FRANCK DELOCHE - FILLIERE TRAVAUX FORESTIERS"},"image":{"@id":"https:\/\/www.franckdeloche.fr\/#\/schema\/logo\/image\/"}}]}},"_links":{"self":[{"href":"https:\/\/www.franckdeloche.fr\/index.php\/wp-json\/wp\/v2\/pages\/559"}],"collection":[{"href":"https:\/\/www.franckdeloche.fr\/index.php\/wp-json\/wp\/v2\/pages"}],"about":[{"href":"https:\/\/www.franckdeloche.fr\/index.php\/wp-json\/wp\/v2\/types\/page"}],"author":[{"embeddable":true,"href":"https:\/\/www.franckdeloche.fr\/index.php\/wp-json\/wp\/v2\/users\/1"}],"replies":[{"embeddable":true,"href":"https:\/\/www.franckdeloche.fr\/index.php\/wp-json\/wp\/v2\/comments?post=559"}],"version-history":[{"count":8,"href":"https:\/\/www.franckdeloche.fr\/index.php\/wp-json\/wp\/v2\/pages\/559\/revisions"}],"predecessor-version":[{"id":607,"href":"https:\/\/www.franckdeloche.fr\/index.php\/wp-json\/wp\/v2\/pages\/559\/revisions\/607"}],"wp:attachment":[{"href":"https:\/\/www.franckdeloche.fr\/index.php\/wp-json\/wp\/v2\/media?parent=559"}],"curies":[{"name":"wp","href":"https:\/\/api.w.org\/{rel}","templated":true}]}}